{"id":4497,"date":"2020-09-29T14:22:00","date_gmt":"2020-09-29T11:22:00","guid":{"rendered":"https:\/\/arhitektuuripreemiad.ee\/object\/kuressaare-linnakeskus\/"},"modified":"2021-12-15T12:13:40","modified_gmt":"2021-12-15T10:13:40","slug":"kuressaare-town-centre","status":"publish","type":"object","link":"https:\/\/arhitektuuripreemiad.ee\/en\/object\/kuressaare-town-centre\/","title":{"rendered":"Kuressaare Town Centre"},"author":[1536,1982],"template":"","categories":[27],"award_cat":[863,880],"keywords":[830],"builder":[1031],"location":[1537],"client":[1538],"people":[1539,1540,1907,1910,1912,1913],"acf":[],"yoast_head":"<!-- This site is optimized with the Yoast SEO plugin v22.8 - https:\/\/yoast.com\/wordpress\/plugins\/seo\/ -->\n<title>Kuressaare central square \/ nominee for the Estonian Architecture Awards 2020<\/title>\n<meta name=\"description\" content=\"Authors H\u00e4li-Ann Tooms, Mari-Liis M\u00e4nnik, Projekt Kuubis. Project team: Eela Samblik, Katrin M\u00e4nnik, Martin Noorv\u00e4li, Kairit S\u00f5lg.\" \/>\n<meta name=\"robots\" content=\"index, follow, max-snippet:-1, max-image-preview:large, max-video-preview:-1\" \/>\n<link rel=\"canonical\" href=\"https:\/\/arhitektuuripreemiad.ee\/en\/object\/kuressaare-town-centre\/\" \/>\n<meta property=\"og:locale\" content=\"en_US\" \/>\n<meta property=\"og:type\" content=\"article\" \/>\n<meta property=\"og:title\" content=\"Kuressaare central square \/ nominee for the Estonian Architecture Awards 2020\" \/>\n<meta property=\"og:description\" content=\"Authors H\u00e4li-Ann Tooms, Mari-Liis M\u00e4nnik, Projekt Kuubis. Project team: Eela Samblik, Katrin M\u00e4nnik, Martin Noorv\u00e4li, Kairit S\u00f5lg.\" \/>\n<meta property=\"og:url\" content=\"https:\/\/arhitektuuripreemiad.ee\/en\/object\/kuressaare-town-centre\/\" \/>\n<meta property=\"og:site_name\" content=\"Estonian Architecture Awards\" \/>\n<meta property=\"article:publisher\" content=\"https:\/\/www.facebook.com\/EestiArhitektuuripreemiad\/\" \/>\n<meta property=\"article:modified_time\" content=\"2021-12-15T10:13:40+00:00\" \/>\n<meta name=\"twitter:card\" content=\"summary_large_image\" \/>\n<script type=\"application\/ld+json\" class=\"yoast-schema-graph\">{\"@context\":\"https:\/\/schema.org\",\"@graph\":[{\"@type\":\"WebPage\",\"@id\":\"https:\/\/arhitektuuripreemiad.ee\/en\/object\/kuressaare-town-centre\/\",\"url\":\"https:\/\/arhitektuuripreemiad.ee\/en\/object\/kuressaare-town-centre\/\",\"name\":\"Kuressaare central square \/ nominee for the Estonian Architecture Awards 2020\",\"isPartOf\":{\"@id\":\"https:\/\/arhitektuuripreemiad.ee\/en\/#website\"},\"datePublished\":\"2020-09-29T11:22:00+00:00\",\"dateModified\":\"2021-12-15T10:13:40+00:00\",\"description\":\"Authors H\u00e4li-Ann Tooms, Mari-Liis M\u00e4nnik, Projekt Kuubis. Project team: Eela Samblik, Katrin M\u00e4nnik, Martin Noorv\u00e4li, Kairit S\u00f5lg.\",\"breadcrumb\":{\"@id\":\"https:\/\/arhitektuuripreemiad.ee\/en\/object\/kuressaare-town-centre\/#breadcrumb\"},\"inLanguage\":\"en-US\",\"potentialAction\":[{\"@type\":\"ReadAction\",\"target\":[\"https:\/\/arhitektuuripreemiad.ee\/en\/object\/kuressaare-town-centre\/\"]}]},{\"@type\":\"BreadcrumbList\",\"@id\":\"https:\/\/arhitektuuripreemiad.ee\/en\/object\/kuressaare-town-centre\/#breadcrumb\",\"itemListElement\":[{\"@type\":\"ListItem\",\"position\":1,\"name\":\"Home\",\"item\":\"https:\/\/arhitektuuripreemiad.ee\/en\/avaleht\/\"},{\"@type\":\"ListItem\",\"position\":2,\"name\":\"Objects\",\"item\":\"https:\/\/arhitektuuripreemiad.ee\/en\/object\/\"},{\"@type\":\"ListItem\",\"position\":3,\"name\":\"Kuressaare Town Centre\"}]},{\"@type\":\"WebSite\",\"@id\":\"https:\/\/arhitektuuripreemiad.ee\/en\/#website\",\"url\":\"https:\/\/arhitektuuripreemiad.ee\/en\/\",\"name\":\"Eesti arhitektuuripreemiad\",\"description\":\"Eesti parim arhitektuur, sisearhitektuur, maastikuarhitektuur\",\"potentialAction\":[{\"@type\":\"SearchAction\",\"target\":{\"@type\":\"EntryPoint\",\"urlTemplate\":\"https:\/\/arhitektuuripreemiad.ee\/en\/?s={search_term_string}\"},\"query-input\":\"required name=search_term_string\"}],\"inLanguage\":\"en-US\"}]}<\/script>\n<!-- \/ Yoast SEO plugin. -->","yoast_head_json":{"title":"Kuressaare central square \/ nominee for the Estonian Architecture Awards 2020","description":"Authors H\u00e4li-Ann Tooms, Mari-Liis M\u00e4nnik, Projekt Kuubis. Project team: Eela Samblik, Katrin M\u00e4nnik, Martin Noorv\u00e4li, Kairit S\u00f5lg.","robots":{"index":"index","follow":"follow","max-snippet":"max-snippet:-1","max-image-preview":"max-image-preview:large","max-video-preview":"max-video-preview:-1"},"canonical":"https:\/\/arhitektuuripreemiad.ee\/en\/object\/kuressaare-town-centre\/","og_locale":"en_US","og_type":"article","og_title":"Kuressaare central square \/ nominee for the Estonian Architecture Awards 2020","og_description":"Authors H\u00e4li-Ann Tooms, Mari-Liis M\u00e4nnik, Projekt Kuubis. Project team: Eela Samblik, Katrin M\u00e4nnik, Martin Noorv\u00e4li, Kairit S\u00f5lg.","og_url":"https:\/\/arhitektuuripreemiad.ee\/en\/object\/kuressaare-town-centre\/","og_site_name":"Estonian Architecture Awards","article_publisher":"https:\/\/www.facebook.com\/EestiArhitektuuripreemiad\/","article_modified_time":"2021-12-15T10:13:40+00:00","twitter_card":"summary_large_image","schema":{"@context":"https:\/\/schema.org","@graph":[{"@type":"WebPage","@id":"https:\/\/arhitektuuripreemiad.ee\/en\/object\/kuressaare-town-centre\/","url":"https:\/\/arhitektuuripreemiad.ee\/en\/object\/kuressaare-town-centre\/","name":"Kuressaare central square \/ nominee for the Estonian Architecture Awards 2020","isPartOf":{"@id":"https:\/\/arhitektuuripreemiad.ee\/en\/#website"},"datePublished":"2020-09-29T11:22:00+00:00","dateModified":"2021-12-15T10:13:40+00:00","description":"Authors H\u00e4li-Ann Tooms, Mari-Liis M\u00e4nnik, Projekt Kuubis. Project team: Eela Samblik, Katrin M\u00e4nnik, Martin Noorv\u00e4li, Kairit S\u00f5lg.","breadcrumb":{"@id":"https:\/\/arhitektuuripreemiad.ee\/en\/object\/kuressaare-town-centre\/#breadcrumb"},"inLanguage":"en-US","potentialAction":[{"@type":"ReadAction","target":["https:\/\/arhitektuuripreemiad.ee\/en\/object\/kuressaare-town-centre\/"]}]},{"@type":"BreadcrumbList","@id":"https:\/\/arhitektuuripreemiad.ee\/en\/object\/kuressaare-town-centre\/#breadcrumb","itemListElement":[{"@type":"ListItem","position":1,"name":"Home","item":"https:\/\/arhitektuuripreemiad.ee\/en\/avaleht\/"},{"@type":"ListItem","position":2,"name":"Objects","item":"https:\/\/arhitektuuripreemiad.ee\/en\/object\/"},{"@type":"ListItem","position":3,"name":"Kuressaare Town Centre"}]},{"@type":"WebSite","@id":"https:\/\/arhitektuuripreemiad.ee\/en\/#website","url":"https:\/\/arhitektuuripreemiad.ee\/en\/","name":"Eesti arhitektuuripreemiad","description":"Eesti parim arhitektuur, sisearhitektuur, maastikuarhitektuur","potentialAction":[{"@type":"SearchAction","target":{"@type":"EntryPoint","urlTemplate":"https:\/\/arhitektuuripreemiad.ee\/en\/?s={search_term_string}"},"query-input":"required name=search_term_string"}],"inLanguage":"en-US"}]}},"_links":{"self":[{"href":"https:\/\/arhitektuuripreemiad.ee\/en\/wp-json\/wp\/v2\/object\/4497"}],"collection":[{"href":"https:\/\/arhitektuuripreemiad.ee\/en\/wp-json\/wp\/v2\/object"}],"about":[{"href":"https:\/\/arhitektuuripreemiad.ee\/en\/wp-json\/wp\/v2\/types\/object"}],"wp:attachment":[{"href":"https:\/\/arhitektuuripreemiad.ee\/en\/wp-json\/wp\/v2\/media?parent=4497"}],"wp:term":[{"taxonomy":"category","embeddable":true,"href":"https:\/\/arhitektuuripreemiad.ee\/en\/wp-json\/wp\/v2\/categories?post=4497"},{"taxonomy":"award_cat","embeddable":true,"href":"https:\/\/arhitektuuripreemiad.ee\/en\/wp-json\/wp\/v2\/award_cat?post=4497"},{"taxonomy":"keywords","embeddable":true,"href":"https:\/\/arhitektuuripreemiad.ee\/en\/wp-json\/wp\/v2\/keywords?post=4497"},{"taxonomy":"author","embeddable":true,"href":"https:\/\/arhitektuuripreemiad.ee\/en\/wp-json\/wp\/v2\/author?post=4497"},{"taxonomy":"builder","embeddable":true,"href":"https:\/\/arhitektuuripreemiad.ee\/en\/wp-json\/wp\/v2\/builder?post=4497"},{"taxonomy":"location","embeddable":true,"href":"https:\/\/arhitektuuripreemiad.ee\/en\/wp-json\/wp\/v2\/location?post=4497"},{"taxonomy":"client","embeddable":true,"href":"https:\/\/arhitektuuripreemiad.ee\/en\/wp-json\/wp\/v2\/client?post=4497"},{"taxonomy":"people","embeddable":true,"href":"https:\/\/arhitektuuripreemiad.ee\/en\/wp-json\/wp\/v2\/people?post=4497"}],"curies":[{"name":"wp","href":"https:\/\/api.w.org\/{rel}","templated":true}]}}

<!-- This site is optimized with the Yoast SEO plugin v22.8 - https://yoast.com/wordpress/plugins/seo/ -->
<title>Kuressaare central square / nominee for the Estonian Architecture Awards 2020</title>
<meta name="description" content="Authors Häli-Ann Tooms, Mari-Liis Männik, Projekt Kuubis. Project team: Eela Samblik, Katrin Männik, Martin Noorväli, Kairit Sõlg." />
<meta name="robots" content="index, follow, max-snippet:-1, max-image-preview:large, max-video-preview:-1" />
<link rel="canonical" href="https://arhitektuuripreemiad.ee/en/object/kuressaare-town-centre/" />
<meta property="og:locale" content="en_US" />
<meta property="og:type" content="article" />
<meta property="og:title" content="Kuressaare central square / nominee for the Estonian Architecture Awards 2020" />
<meta property="og:description" content="Authors Häli-Ann Tooms, Mari-Liis Männik, Projekt Kuubis. Project team: Eela Samblik, Katrin Männik, Martin Noorväli, Kairit Sõlg." />
<meta property="og:url" content="https://arhitektuuripreemiad.ee/en/object/kuressaare-town-centre/" />
<meta property="og:site_name" content="Estonian Architecture Awards" />
<meta property="article:publisher" content="https://www.facebook.com/EestiArhitektuuripreemiad/" />
<meta property="article:modified_time" content="2021-12-15T10:13:40+00:00" />
<meta name="twitter:card" content="summary_large_image" />
<script type="application/ld+json" class="yoast-schema-graph">{"@context":"https://schema.org","@graph":[{"@type":"WebPage","@id":"https://arhitektuuripreemiad.ee/en/object/kuressaare-town-centre/","url":"https://arhitektuuripreemiad.ee/en/object/kuressaare-town-centre/","name":"Kuressaare central square / nominee for the Estonian Architecture Awards 2020","isPartOf":{"@id":"https://arhitektuuripreemiad.ee/en/#website"},"datePublished":"2020-09-29T11:22:00+00:00","dateModified":"2021-12-15T10:13:40+00:00","description":"Authors Häli-Ann Tooms, Mari-Liis Männik, Projekt Kuubis. Project team: Eela Samblik, Katrin Männik, Martin Noorväli, Kairit Sõlg.","breadcrumb":{"@id":"https://arhitektuuripreemiad.ee/en/object/kuressaare-town-centre/#breadcrumb"},"inLanguage":"en-US","potentialAction":[{"@type":"ReadAction","target":["https://arhitektuuripreemiad.ee/en/object/kuressaare-town-centre/"]}]},{"@type":"BreadcrumbList","@id":"https://arhitektuuripreemiad.ee/en/object/kuressaare-town-centre/#breadcrumb","itemListElement":[{"@type":"ListItem","position":1,"name":"Home","item":"https://arhitektuuripreemiad.ee/en/avaleht/"},{"@type":"ListItem","position":2,"name":"Objects","item":"https://arhitektuuripreemiad.ee/en/object/"},{"@type":"ListItem","position":3,"name":"Kuressaare Town Centre"}]},{"@type":"WebSite","@id":"https://arhitektuuripreemiad.ee/en/#website","url":"https://arhitektuuripreemiad.ee/en/","name":"Eesti arhitektuuripreemiad","description":"Eesti parim arhitektuur, sisearhitektuur, maastikuarhitektuur","potentialAction":[{"@type":"SearchAction","target":{"@type":"EntryPoint","urlTemplate":"https://arhitektuuripreemiad.ee/en/?s={search_term_string}"},"query-input":"required name=search_term_string"}],"inLanguage":"en-US"}]}</script>
<!-- / Yoast SEO plugin. -->

Authors Häli-Ann Tooms, Mari-Liis Männik, Projekt Kuubis. Project team: Eela Samblik, Katrin Männik, Martin Noorväli, Kairit Sõlg.
